*g. Let v be a(0). Let y(n) be the third derivative of 3*n**2 + 5/6*n**3 + 0*n - 1/12*n**4 + v. Determine y(-4).
13
Let b(g) be the second derivative of 9/2*g**2 - 1/12*g**4 + 1/3*g**3 + 53 - 2*g. Calculate b(4).
1
Let k(z) = 374 - 373 + 2*z + 9*z - 7*z. Give k(4).
17
Let s(m) = 449*m - 2726. Let h be s(6). Let x(q) = -10*q - 317. Calculate x(h).
3
Suppose 0 = -3*x + 9, 18 = -3*q + 2*x + 2*x. Let u be 6/(-16) + (-27)/48*-6. Let o(i) = 5*i**2 - 3 - 3 - u*i**2 + 4. Calculate o(q).
6
Let l(k) be the first derivative of k**2 + 16*k + 10. Let u be l(8). Let g = 27 - u. Let j(d) = -d + 4. Calculate j(g).
9
Let v be ((-630)/77 + 8)/(2/(-22)). Let s(l) = 65*l**2 + v - 2*l - 108*l**2 + 49*l**2. Give s(1).
6
Let o(p) = -2*p**2 + 139*p + 362. Let f be o(72). Let r(d) = -2*d**3 - 3*d**2 + 3*d - 3. Determine r(f).
-25
Let f(g) = -g + 19. Let r be f(15). Let z(i) = 12 - 6 + 5*i - 1 - r. Calculate z(-2).
-9
Let k(g) = -5103*g**2 - 10 + 11*g - 5101*g**2 + g**3 + 10197*g**2. Determine k(5).
-5
Let u(d) = -9*d**2 + 11*d - 20. Let x(c) = 5*c**2 - 6*c + 11. Suppose o - 7*j + 2 = -4*j, 3*o + j = 14. Let n(b) = o*u(b) + 7*x(b). Give n(3).
-6
Suppose -5*u - 2 + 1 = 3*z, -4*z = -3*u - 47. Suppose 6*j = 2*j + z. Let i(t) = 4*t**2 + t**j + 11*t**3 + 7 - 7*t**3 + 7*t - 5*t**3. What is i(6)?
13
Suppose -q - 2*o = 14, 9*q = 7*q + 5*o + 26. Let v(y) = -8*y**3 - 2*y**2 + y + 4. Calculate v(q).
58
Let t = -3 - 0. Let p(q) be the second derivative of 0 - 1/6*q**3 + 2*q**2 + 48*q - 1/12*q**4. Determine p(t).
-2
Let c(p) be the second derivative of -2*p + 1/6*p**3 - 60 - 3*p**2. Calculate c(8).
2
Let a = -23804 - -23811. Let s(b) = 7*b - 57. What is s(a)?
-8
Let m(o) = 0*o - 7*o - 27 - 7*o. Let c(h) = -5*h - 9. Let n(j) = 17*c(j) - 6*m(j). Suppose -1075*q + 1082*q - 56 = 0. Give n(q).
1
Let o(w) = -w**2 - 13*w + 41. Suppose -100*d = -130*d - 450. What is o(d)?
11
Let y be 2/9*(-186)/(-124). Let d(l) be the first derivative of -4*l + 2*l**2 - 8 - y*l**3. Calculate d(3).
-1
Let n(d) = d**2 - 8*d + 6. Let w = -138 + 71. Let p = w - -73. What is n(p)?
-6
Let l(x) = -x**3 + 10*x**2 - 11*x - 5. Let b(o) = 2*o - 75. Let p be b(40). Suppose p*t - 36 = -4*k, 2*k + 5*t - 8 - 10 = 0. Give l(k).
-23
Let z(a) = -a**3 + 5*a**2 - 11*a - 3. Suppose 0 = 4*y - 28, -236*y + 60 = 5*k - 231*y. Give z(k).
-58
Suppose 4*m - 10 = -a, 0 = -2*a + m - 2*m + 6. Let d(t) = -3*t**a - 22 + 25 - 10*t + 4*t**2. Determine d(9).
-6
Let a(s) = -3*s + 5*s + 36 + 41 - 121. Give a(15).
-14
Let f(c) = -3*c**3 + 3*c**2 - 2*c + 9. Let q(a) = 7*a**3 - 7*a**2 + 4*a - 19. Let k(t) = 5*f(t) + 2*q(t). What is k(4)?
-49
Let u(d) = 2*d + 17. Let q(r) = r + 33. Let c(i) = 2*q(i) - 5*u(i). Determine c(-5).
21
Let y(b) = -b**3 - 14*b**2 + 31*b - 14. Let q(s) = -15*s**2 + 230*s - 231. Let w be q(1). Calculate y(w).
2
Let t(d) = 2*d**2 + d - 3. Let r be t(-2). Suppose -5*h + 5*j + 5 = 0, r*h + j = 2 + 13. Let n(z) = z + h - 2 - 26*z**2 + z**3 + 26*z**2. Determine n(-2).
-8
Let b(j) be the first derivative of 30 + 1/24*j**4 + 1/120*j**6 + 43/2*j**2 - 1/6*j**3 - 1/10*j**5 + 0*j. Let w(u) be the second derivative of b(u). Give w(3).
-25
Suppose 49*x - 52*x - 59 = -5*i, 5*i + 2*x = 19. Let q(h) be the first derivative of 11/2*h**2 - 2/3*h**3 - 10*h + 5. Determine q(i).
-31
Let x(k) = k + 2. Let v(d) = -2 - 14 + 12*d - 793*d**2 + 794*d**2 - 9. Let p be v(-14). Let g be 45/30*2*(-10)/p. Determine x(g).
-8
Let l(a) = -a + 1182625*a**2 - 1182626*a**2 + a**3 - 2*a**3 + 4 - a - 6. Suppose -2 = -4*z - 2*r, 2*z - r + 4*r = 11. What is l(z)?
6
Let c = 193 - 191. Let s(q) = 3 - 5 - q**3 - 2*q**c + 3*q**2 - 8. Determine s(0).
-10
Suppose -21*b - 125 = -26*b. Let h = b - 19. Let f(o) = -2*o + 14 + 8*o - h - 5*o. Determine f(-7).
1
Let o = -271 + 274. Let l(z) = 16*z**3 - 11*z**2 + 8. Let u(q) = 7*q**3 - 5*q**2 + 4. Let b(j) = o*l(j) - 7*u(j). Give b(3).
-13
Let d be 4*(252/16)/3. Suppose 8*s = d + 11. Suppose -11 = -s*m + 21. Let z(q) = -2*q + 7. Calculate z(m).
-9
Suppose 6 = 3*k, -3*k + 8 = 4*i - 6. Let y(p) = 4 + 4*p - 5*p - 2*p**i + p. Suppose -4*h = d - 3 + 14, -5*h - 7 = -d. Give y(d).
-14
Let x(a) = 13*a**3 + 34*a**2 + 11*a - 2. Let b(j) = 5*j**3 + 15*j**2 + 6*j - 1. Let h(m) = 5*b(m) - 2*x(m). Let l = -9 - -17. What is h(l)?
-1
Let x(s) = 2*s**2 - 15*s + 1. Let a be x(7). Let w be 4/a*27/6. Let z(y) = 2*y**2 + 2*y - 4. What is z(w)?
8
Let x(k) = 73 - 7*k + 20*k - 214 + 13*k + k. Give x(5).
-6
Let n(b) = 4*b + 21. Let y be n(-5). Let o be (0 - -16)/(y + 1). Let j(t) = 2*t**2 + 6*t + 2 - o*t + 8*t. Give j(-4).
10
Let h(c) = 11*c - 617. Let b(t) = -21*t + 1325. Let m(k) = 6*b(k) + 13*h(k). What is m(4)?
-3
Let i(l) = -14*l**2 + 50*l - 3. Let c(w) = -32*w**2 + 112*w - 6. Let t(r) = 4*c(r) - 9*i(r). Calculate t(3).
-21
Let z(u) be the third derivative of -u**6/120 - 11*u**5/30 + 11*u**4/12 - 2*u**3 - 143*u**2. Calculate z(-23).
11
Let v(r) = -3*r**2 + 11*r - 2. Let q be v(3). Suppose -q*g + 35 = -5*t, 0 = 2*g + 4*t + 9 - 33. Let x be (-8)/(-4)*(-5)/g. Let i(z) = 2*z - 1. Give i(x).
-3
Let q(d) = -16*d + 0*d**2 + 0*d**2 + 2*d**2 - 22 + 7. Suppose 104*u - 300 - 636 = 0. Determine q(u).
3
Let m(d) = -d**2 + 8*d + 2. Let i be (-4 + 6/2)/1. Let y be (-2 + i)*2*(-2)/3. Give m(y).
18
Let d(h) = -h**2 - 25*h - 111. Let v be d(-19). Let l(b) = -1 + 2*b + 2*b - 3*b - 2 - v*b. Calculate l(-7).
11
Let a(w) be the first derivative of w**6/360 + 11*w**5/120 + 5*w**4/8 - 26*w**3/3 - w - 18. Let u(l) be the third derivative of a(l). Determine u(-10).
5
Let c(g) = 2*g + 4. Suppose 298*w = 291*w + 1540. Let r be (w/25 - 9) + (-18)/10. Calculate c(r).
0
Let g be 12/(-144)*4*7*3. Let v(y) = -89*y**3 - 9*y**2 + 5*y - 2. Let i(c) = 44*c**3 + 4*c**2 - 2*c + 1. Let x(p) = g*i(p) - 3*v(p). Calculate x(-1).
40
Let x(r) = -8*r - 26. Let z = 131 - 134. Let l be x(z). Let t(i) = -6*i + 2. Determine t(l).
14
Suppose 81*s - 400 = 31*s. Let c(x) = x**3 - 8*x**2 - 4*x - 14. Determine c(s).
-46
Let c = 36 - 34. Suppose c*a - 3 = 6*a - 3*l, -5 = -l. Let v(j) = -8 - j**2 + 17*j - 32*j + j**a + 14*j. Determine v(0).
-8
Let i(g) be the third derivative of -g**4/24 - 11*g**3/6 + 785*g**2. Calculate i(-5).
-6
Let i(x) = -1 - 19*x + 38*x - x**2 - 12*x - 21*x - 4*x. What is i(-15)?
44
Let j(v) be the second derivative of -v**4/6 + 5*v**2/2 - v. Suppose -6412*g + 3195*g + 3196*g = -42. Calculate j(g).
-3
Let x(k) = 49*k**2 - 22*k - 48. Let c(u) = 54*u**2 - 23*u - 51. Let m(v) = 10*c(v) - 11*x(v). Determine m(-8).
-14
Suppose 0 = 4*o - 2*u + 420, 7*o - 5*u + 530 = 2*o. Let s = o - -107. Let g(n) = 376 - s*n + 0*n**3 - 370 + n**3 - 6*n**2. What is g(6)?
-12
Let w(r) be the second derivative of -r**5/20 - r**4/6 - r**3/2 + 1809*r. Calculate w(0).
0
Let g = -13 - -7. Let l(p) be the first derivative of p**3/3 + 2*p**2 - 3*p + 378. Calculate l(g).
9
Let i(s) = s - 5 + 5 + 2 + 8. Let d = 489 - 667. Let r = d - -171. Give i(r).
3
Suppose -4*p + 3*p = -1. Let m(y) = -8*y**3 + y**2 - 4*y. Let x(f) = -f**2 + 3*f. Let n(b) = -m(b) - x(b). Determine n(p).
9
Let s(w) be the first derivative of 2*w**3/3 - 3*w**2 + 5*w - 2673. Calculate s(5).
25
Let t(n) = -3*n + 2. Let q(z) = z**3 - 12*z**2 + 7*z + 37. Let p be q(11). Let k(h) = 3*h - 14. Let r be k(p). Let f be 10/r - (-38)/(-14). Give t(f).
11
Let x(i) be the third derivative of -i**6/120 - 2*i**5/15 - i**4/6 + i**3/2 - 20*i**2 + 6. Determine x(-5).
-52
Let l(c) be the first derivative of -c**5/60 - c**3/3 + 27*c**2/2 + 76. Let b(p) be the second derivative of l(p). Determine b(0).
-2
Let m(l) = -2*l + 5. Let z(i) = 1. Let o = 102 + -103. Let j(k) = o*m(k) + 4*z(k). Calculate j(-3).
-7
Let k(c) = 11*c + 20. Let l(o) = 5*o + 10. Let q = -127 - -147. Suppose -115*z + 119*z - q = 0. Let a(d) = z*l(d) - 2*k(d). Give a(-7).
-11
Let t be 28/13 + 3 + 2/(-13). Suppose -t*w + 4*v - 5 = 7, 2*v = 2*w + 6. Let b(g) = 2*g + 3*g - 4 - 6*g. What is b(w)?
-4
Let r(l) = 6*l + 3. Let f(b) = b + 1. Let h = -53 - -43. Let m(u) = h*f(u) + 2*r(u). Suppose 5*o + v = 23, 5 = 3*o - o - v. Give m(o).
4
Let k = 17 - 49. Let t be 8/3 + k/(-24). Let b(f) be the first derivative of -2*f**3/3 + 5*f**2/2 + f + 10. Determine b(t).
-11
Let z(d) = -10128 + 20594 - 10472 - 2*d + 3*d. Suppose v + 2 = -2*u, -12 = -2*u + 5*v - 2. Give z(u).
-6
Let y(w) be the first derivative of -